{"id":1282,"date":"2023-08-04T16:51:17","date_gmt":"2023-08-04T16:51:17","guid":{"rendered":"https:\/\/www.credicreditos.com\/?page_id=1282"},"modified":"2023-09-06T16:19:29","modified_gmt":"2023-09-06T16:19:29","slug":"servicios","status":"publish","type":"page","link":"https:\/\/www.credicreditos.com\/sitio\/servicios\/","title":{"rendered":"Servicios"},"content":{"rendered":"<p><section class=\"kc-elm kc-css-167630 kc_row\"><div class=\"kc-row-container  kc-container\"><div class=\"kc-wrap-columns\"><div class=\"kc-elm kc-css-423471 kc_col-sm-12 kc_column kc_col-sm-12\"><div class=\"kc-col-container\"><div class=\"kc-elm kc-css-731925 kc_row kc_row_inner\"><div class=\"kc-elm kc-css-814713 kc_col-sm-10 kc_column_inner kc_col-sm-10\"><div class=\"kc_wrapper kc-col-inner-container\"><div class=\"kc-elm kc-css-146334 page-title\"> <h3 class=\"title\">Servicios<\/h3> <div class=\"desc\">En CrediCr\u00e9ditos, ofrecemos una amplia gama de servicios financieros exclusivamente para los trabajadores de la Organizaci\u00f3n Servicios y Asesor\u00edas. Nuestros servicios incluyen:<\/div> <\/div><\/div><\/div><div class=\"kc-elm kc-css-927909 kc_col-of-5 kc_column_inner kc_col-of-5\"><div class=\"kc_wrapper kc-col-inner-container\"><\/div><\/div><\/div><\/div><\/div><\/div><\/div><\/section><section class=\"kc-elm kc-css-880148 kc_row\"><div class=\"kc-row-container  kc-container\"><div class=\"kc-wrap-columns\"><div class=\"kc-elm kc-css-865912 kc_col-sm-12 kc_column kc_col-sm-12\"><div class=\"kc-col-container\">\n<div class=\"kc-elm kc-css-598760 divider_line\">\n\t<div class=\"divider_inner divider_line1\">\n\t\t\t<\/div>\n<\/div>\n<\/div><\/div><\/div><\/div><\/section><section class=\"kc-elm kc-css-845383 kc_row\"><div class=\"kc-row-container  kc-container\"><div class=\"kc-wrap-columns\"><div class=\"kc-elm kc-css-216668 kc_col-sm-7 kc_column kc_col-sm-7\"><div class=\"kc-col-container\"><div class=\"kc-elm kc-css-83679 kc_box_wrap \"><div><div class=\"one-one\"><h3>Cr\u00e9ditos:<\/h3><p>Brindamos cr\u00e9ditos con descuentos autom\u00e1ticos de n\u00f3mina, lo que garantiza una gesti\u00f3n f\u00e1cil y conveniente de los pagos. Ofrecemos cr\u00e9ditos de bajo monto, adaptados a las necesidades financieras de nuestros clientes.<\/p><\/div><\/div><\/div><\/div><\/div><div class=\"kc-elm kc-css-13024 kc_col-of-5 kc_column kc_col-of-5\"><div class=\"kc-col-container\"><div class=\"kc-elm kc-css-9819 kc_row kc_row_inner\"><div class=\"kc-elm kc-css-425783 kc_col-sm-12 kc_column_inner kc_col-sm-12\"><div class=\"kc_wrapper kc-col-inner-container\"><div class=\"kc-elm kc-css-694825\" style=\"height: 20px; clear: both; width:100%;\"><\/div><\/div><\/div><\/div>\n<div class=\"kc-elm kc-css-369077\">\n\t<a class=\"kc_button\" href=\"#wow-modal-id-2\" target=\"_blank\" title=\"\" onclick=\"\">\n\t\t<i class=\"fa-dollar-sign\"><\/i> Simular cr\u00e9dito\t<\/a>\n<\/div>\n<\/div><\/div><div class=\"kc-elm kc-css-643 kc_col-of-5 kc_column kc_col-of-5\"><div class=\"kc-col-container\"><div class=\"kc-elm kc-css-492698 kc_row kc_row_inner\"><div class=\"kc-elm kc-css-55679 kc_col-sm-12 kc_column_inner kc_col-sm-12\"><div class=\"kc_wrapper kc-col-inner-container\"><div class=\"kc-elm kc-css-178336\" style=\"height: 20px; clear: both; width:100%;\"><\/div><\/div><\/div><\/div>\n<div class=\"kc-elm kc-css-230612\">\n\t<a class=\"kc_button\" href=\"https:\/\/osya.info\/formulario\" target=\"_blank\" title=\"\" onclick=\"\">\n\t\t<i class=\"sl-cursor\"><\/i> Solicitar aqu\u00ed\t<\/a>\n<\/div>\n<\/div><\/div><\/div><\/div><\/section><section class=\"kc-elm kc-css-379648 kc_row\"><div class=\"kc-row-container  kc-container\"><div class=\"kc-wrap-columns\"><div class=\"kc-elm kc-css-88878 kc_col-sm-12 kc_column kc_col-sm-12\"><div class=\"kc-col-container\"><div class=\"kc-elm kc-css-970086 kc_shortcode kc_single_image\">\n\n        <img src=\"https:\/\/www.credicreditos.com\/sitio\/wp-content\/uploads\/2023\/08\/Picture3-1.png\" class=\"\" alt=\"\" \/>    <\/div>\n<\/div><\/div><\/div><\/div><\/section><section class=\"kc-elm kc-css-534033 kc_row\"><div class=\"kc-row-container  kc-container\"><div class=\"kc-wrap-columns\"><div class=\"kc-elm kc-css-365659 kc_col-sm-12 kc_column kc_col-sm-12\"><div class=\"kc-col-container\">\n<div class=\"kc-elm kc-css-402541 divider_line\">\n\t<div class=\"divider_inner divider_line1\">\n\t\t\t<\/div>\n<\/div>\n<\/div><\/div><\/div><\/div><\/section><section class=\"kc-elm kc-css-963371 kc_row\"><div class=\"kc-row-container  kc-container\"><div class=\"kc-wrap-columns\"><div class=\"kc-elm kc-css-821776 kc_col-sm-10 kc_column kc_col-sm-10\"><div class=\"kc-col-container\"><div class=\"kc-elm kc-css-847561 kc_box_wrap \"><div><div class=\"one-one\"><h3>Anticipos de n\u00f3mina:<\/h3><p>Proporcionamos la opci\u00f3n de solicitar anticipos de n\u00f3mina para aquellos momentos en los que se necesita un apoyo econ\u00f3mico inmediato.<\/p><\/div><\/div><\/div><\/div><\/div><div class=\"kc-elm kc-css-988963 kc_col-of-5 kc_column kc_col-of-5\"><div class=\"kc-col-container\"><div class=\"kc-elm kc-css-982147 kc_row kc_row_inner\"><div class=\"kc-elm kc-css-1298 kc_col-sm-12 kc_column_inner kc_col-sm-12\"><div class=\"kc_wrapper kc-col-inner-container\"><div class=\"kc-elm kc-css-110106\" style=\"height: 20px; clear: both; width:100%;\"><\/div><\/div><\/div><\/div>\n<div class=\"kc-elm kc-css-889092\">\n\t<a class=\"kc_button\" href=\"https:\/\/serviciosyasesorias.com\/anticipo_nomina\/\" target=\"_blank\" title=\"\" onclick=\"\">\n\t\t<i class=\"sl-cursor\"><\/i> Solicitar aqu\u00ed\t<\/a>\n<\/div>\n<\/div><\/div><\/div><\/div><\/section><section class=\"kc-elm kc-css-747588 kc_row\"><div class=\"kc-row-container  kc-container\"><div class=\"kc-wrap-columns\"><div class=\"kc-elm kc-css-777420 kc_col-sm-12 kc_column kc_col-sm-12\"><div class=\"kc-col-container\"><div class=\"kc-elm kc-css-428961 kc_shortcode kc_single_image\">\n\n        <img src=\"https:\/\/www.credicreditos.com\/sitio\/wp-content\/uploads\/2023\/08\/Picture2-1.png\" class=\"\" alt=\"\" \/>    <\/div>\n<\/div><\/div><\/div><\/div><\/section><section class=\"kc-elm kc-css-948242 kc_row\"><div class=\"kc-row-container  kc-container\"><div class=\"kc-wrap-columns\"><div class=\"kc-elm kc-css-303651 kc_col-sm-12 kc_column kc_col-sm-12\"><div class=\"kc-col-container\">\n<div class=\"kc-elm kc-css-56745 divider_line\">\n\t<div class=\"divider_inner divider_line1\">\n\t\t\t<\/div>\n<\/div>\n<\/div><\/div><\/div><\/div><\/section><section class=\"kc-elm kc-css-213796 kc_row\"><div class=\"kc-row-container  kc-container\"><div class=\"kc-wrap-columns\"><div class=\"kc-elm kc-css-594796 kc_col-sm-12 kc_column kc_col-sm-12\"><div class=\"kc-col-container\">\n<div class=\"kc-elm kc-css-566166 kc-title-wrap \">\n\n\t<h3 class=\"kc_title\">Ten en cuenta<\/h3>\n<\/div>\n<div class=\"kc-elm kc-css-175297 kc_text_block\"><\/p>\n<div>\n<ul>\n<li class=\"mark-custom\">Nuestros servicios est\u00e1n dise\u00f1ados exclusivamente para los trabajadores de la <strong>Organizaci\u00f3n Servicios y Asesor\u00edas<\/strong>, brindando beneficios especiales y una atenci\u00f3n personalizada a este segmento de clientes. Reconocemos el valor y la dedicaci\u00f3n de nuestros trabajadores, y nos comprometemos a ofrecerles soluciones financieras adaptadas a sus necesidades y circunstancias individuales.<\/li>\n<\/ul>\n<\/div>\n<ul>\n<li class=\"mark-custom\">Recuerda que si eres empleado activo de Organizaci\u00f3n Servicios y Asesor\u00edas, Servinacional, Aseo Servicios, Gestiona, Unidos y Osya Ocupacional IPS puedes acceder a nuestros cr\u00e9ditos.<\/li>\n<li class=\"mark-custom\">Al elegir CrediCr\u00e9ditos te beneficias de nuestra estrecha relaci\u00f3n con el Grupo Organizaci\u00f3n Servicios y Asesor\u00edas, lo que nos permite ofrecerte soluciones financieras s\u00f3lidas y confiables. Estamos comprometidos con tu bienestar financiero y trabajamos diligentemente para proporcionarte las mejores opciones y servicios personalizados<\/li>\n<\/ul>\n<p>\n<\/div><\/div><\/div><\/div><\/div><\/section><\/p>\n","protected":false},"excerpt":{"rendered":"","protected":false},"author":1,"featured_media":0,"parent":0,"menu_order":0,"comment_status":"closed","ping_status":"closed","template":"","meta":[],"_links":{"self":[{"href":"https:\/\/www.credicreditos.com\/sitio\/wp-json\/wp\/v2\/pages\/1282"}],"collection":[{"href":"https:\/\/www.credicreditos.com\/sitio\/wp-json\/wp\/v2\/pages"}],"about":[{"href":"https:\/\/www.credicreditos.com\/sitio\/wp-json\/wp\/v2\/types\/page"}],"author":[{"embeddable":true,"href":"https:\/\/www.credicreditos.com\/sitio\/wp-json\/wp\/v2\/users\/1"}],"replies":[{"embeddable":true,"href":"https:\/\/www.credicreditos.com\/sitio\/wp-json\/wp\/v2\/comments?post=1282"}],"version-history":[{"count":42,"href":"https:\/\/www.credicreditos.com\/sitio\/wp-json\/wp\/v2\/pages\/1282\/revisions"}],"predecessor-version":[{"id":1675,"href":"https:\/\/www.credicreditos.com\/sitio\/wp-json\/wp\/v2\/pages\/1282\/revisions\/1675"}],"wp:attachment":[{"href":"https:\/\/www.credicreditos.com\/sitio\/wp-json\/wp\/v2\/media?parent=1282"}],"curies":[{"name":"wp","href":"https:\/\/api.w.org\/{rel}","templated":true}]}}